he highest common factor of 9145 and 465?
155
What is the greatest common divisor of 1323 and 1707993?
1323
Calculate the greatest common factor of 55 and 52415.
55
What is the highest common factor of 62336 and 1728?
64
Calculate the highest common divisor of 964428 and 84.
12
What is the greatest common factor of 148307 and 86?
43
What is the highest common factor of 74 and 52466?
74
Calculate the highest common divisor of 639 and 40967.
71
Calculate the greatest common factor of 195212 and 296.
148
What is the greatest common divisor of 987 and 49679?
329
Calculate the greatest common divisor of 255266 and 286.
22
What is the highest common divisor of 72 and 17060?
4
Calculate the highest common factor of 4 and 2598044.
4
What is the highest common divisor of 209 and 711227?
209
What is the highest common divisor of 5134 and 260626?
302
Calculate the greatest common factor of 129 and 834.
3
What is the highest common factor of 1377 and 144?
9
What is the greatest common divisor of 24857 and 20636?
469
What is the highest common divisor of 1051435 and 308?
77
Calculate the greatest common factor of 88 and 280456.
88
What is the highest common factor of 5959 and 7373?
101
What is the highest common factor of 275 and 458425?
275
Calculate the greatest common factor of 12927 and 10425.
417
Calculate the highest common factor of 270 and 35730.
90
Calculate the highest common factor of 2736 and 121068.
684
Calculate the highest common divisor of 50978 and 284.
142
What is the greatest common factor of 432 and 2704?
16
What is the greatest common divisor of 74783 and 425?
17
Calculate the highest common factor of 24586 and 4.
2
Calculate the greatest common factor of 785 and 28417.
157
What is the greatest common divisor of 85622 and 390823?
1381
Calculate the greatest common divisor of 2979943 and 37.
37
Calculate the greatest common divisor of 5246 and 111996.
122
Calculate the greatest common factor of 24 and 110240.
8
Calculate the highest common factor of 207 and 4581.
9
What is the greatest common divisor of 325320 and 10?
10
What is the highest common factor of 6 and 7131?
3
What is the highest common divisor of 2925 and 2567175?
975
Calculate the greatest common factor of 2453439 and 942.
471
Calculate the highest common divisor of 1284 and 3720.
12
Calculate the highest common factor of 5618 and 742.
106
Calculate the greatest common factor of 3 and 33053.
1
Calculate the greatest common factor of 710 and 566935.
355
Calculate the highest common factor of 30770 and 765.
85
Calculate the highest common divisor of 1737 and 3501.
9
Calculate the greatest common divisor of 1183 and 707.
7
Calculate the highest common divisor of 309636 and 122.
122
Calculate the highest common divisor of 151956 and 26733.
1407
What is the highest common factor of 5916 and 48?
12
Calculate the highest common factor of 689 and 1294631.
689
Calculate the greatest common divisor of 5974 and 2320.
58
Calculate the greatest common divisor of 1330324 and 2324.
332
Calculate the greatest common factor of 4768 and 43806.
298
What is the highest common divisor of 5394 and 14136?
186
Calculate the greatest common divisor of 67959 and 522.
9
Calculate the greatest common factor of 61 and 39.
1
Calculate the highest common factor of 2422 and 24566.
346
What is the highest common factor of 55 and 59510?
55
Calculate the greatest common divisor of 432264 and 504.
168
Calculate the highest common divisor of 7635 and 1125.
15
Calculate the highest common factor of 70 and 14680.
10
What is the greatest common factor of 250275 and 423?
141
Calculate the highest common divisor of 103936 and 3808.
224
What is the greatest common divisor of 957 and 1848?
33
Calculate the greatest common factor of 158805 and 45.
45
What is the greatest common divisor of 970 and 67318?
194
What is the highest common factor of 319 and 667?
29
Calculate the greatest common divisor of 37560 and 15672.
24
Calculate the highest common factor of 5472 and 3168.
288
What is the greatest common divisor of 435805 and 860?
215
Calculate the highest common divisor of 1163422 and 29.
29
What is the highest common factor of 4121 and 52?
13
What is the highest common divisor of 32775 and 83904?
1311
Calculate the highest common divisor of 121 and 3165239.
121
What is the highest common factor of 11994962 and 101?
101
Calculate the greatest common divisor of 5909 and 133.
19
What is the highest common factor of 76804 and 39?
13
Calculate the greatest common divisor of 343425 and 95.
95
Calculate the greatest common factor of 72414 and 648.
162
Calculate the greatest common factor of 15315 and 45.
15
What is the highest common factor of 6 and 15423?
3
Calculate the highest common factor of 14 and 179340.
14
What is the greatest common divisor of 125 and 212975?
25
What is the highest common divisor of 9 and 4692?
3
Calculate the greatest common divisor of 80 and 2276.
4
Calculate the greatest common divisor of 1150332 and 24.
12
Calculate the highest common factor of 906 and 18366.
6
What is the highest common factor of 15 and 367260?
15
What is the greatest common factor of 2604 and 111817?
31
Calculate the greatest common divisor of 108 and 2457.
27
What is the greatest common factor of 22208 and 406337?
347
Calculate the greatest common factor of 1 and 64304.
1
What is the greatest common divisor of 7689 and 88?
11
Calculate the highest common factor of 52768 and 44608.
544
Calculate the greatest common factor of 198492 and 32844.
1428
Calculate the greatest common factor of 627702 and 4893.
699
Calculate the greatest common divisor of 6453 and 1836.
27
What is the greatest common factor of 700 and 470?
10
What is the highest common factor of 246 and 754236?
246
Calculate the highest common divisor of 732 and 12678.
6
What is the greatest common factor of 4928 and 4312?
616
Calculate the greatest common divisor of 1430 and 173602.
286
What is the greatest common factor of 18297 and 1026?
171
What is the greatest common divisor of 7329 and 3108?
21
What is the highest common divisor of 7 and 201901?
7
What is the greatest common divisor of 6125 and 4725?
175
What is the highest common factor of 46057 and 28677?
869
Calculate the highest common divisor of 69048 and 900.
36
What is the highest common factor of 8 and 19684?
4
What is the greatest common divisor of 28050 and 100?
50
Calculate the greatest common factor of 105040 and 404.
404
What is the highest common factor of 66 and 14397?
3
What is the greatest common divisor of 8 and 72872?
8
What is the highest common factor of 36 and 31572?
36
Calculate the highest common factor of 952 and 295596.
476
What is the greatest common divisor of 2907 and 24939?
153
Calculate the highest common divisor of 125292 and 96.
12
What is the highest common factor of 43295 and 35?
35
Calculate the highest common factor of 1712 and 4066.
214
Calculate the highest common divisor of 25412 and 12.
4
What is the greatest common divisor of 26 and 221?
13
What is the greatest common factor of 15 and 106785?
15
What is the highest common factor of 2415 and 395255?
805
What is the greatest common divisor of 388 and 414772?
388
Calculate the highest common factor of 22 and 80641.
11
Calculate the greatest common factor of 520 and 13325.
65
Calculate the greatest common factor of 757357 and 284.
71
What is the greatest common divisor of 203 and 200071?
29
What is the highest common factor of 6863667 and 1082?
541
What is the greatest common divisor of 123 and 6847?
41
What is the highest common factor of 92484 and 12?
12
What is the greatest common divisor of 96 and 2225184?
96
Calculate the highest common factor of 14039 and 13483.
139
What is the greatest common factor of 33 and 2730717?
33
What is the highest common factor of 2858 and 604?
2
What is the highest common divisor of 14183 and 13?
13
What is the greatest common divisor of 434 and 351106?
434
What is the highest common divisor of 246916 and 4?
4
What is the highest common divisor of 7391418 and 2622?
2622
What is the highest common divisor of 215 and 34486?
43
Calculate the highest common divisor of 4712 and 266.
38
What is the highest common factor of 51520 and 2016?
224
Calculate the highest common divisor of 636 and 